 - -3921. Is y a composite number?
False
Let b(g) = 373*g - 22. Let a be b(9). Suppose -a = -13*f + 8*f. Is f composite?
True
Let t = 1454 - -1359. Is t prime?
False
Let c = -5602 + 12899. Is c a composite number?
False
Let g = 66 - 69. Is (-1)/4 + 6174/24 + g a prime number?
False
Suppose 18 = -2*j - 2*w + 4*w, w - 53 = 5*j. Is (2/(-10))/(j/135245) a composite number?
False
Suppose 14 = a + 4*a + 2*j, 0 = -j - 3. Suppose -2 - 8 = 5*o, a*s = o + 1070. Is s a composite number?
True
Let f = -1999 - -3498. Is f prime?
True
Suppose 6 = 3*j - 3*x, -4*j + 2 = -5*x - 4. Suppose j*p + p - 715 = 0. Is p prime?
False
Is 2172 + (-36)/(-6) + -4 prime?
False
Let s(o) = 12*o**3 + o**2 - 36*o + 3. Is s(8) composite?
False
Let w be (4/(-5))/(12/60). Let h = 9 + w. Suppose -h*j - 18 = -203. Is j a composite number?
False
Let v(d) = -6*d + 36. Let s be v(6). Is (-8860)/(-20) - (-2 - s/2) a composite number?
True
Let d(r) = -2911*r - 1. Let s be d(-1). Let z = s + 3283. Is z composite?
True
Let z(g) = 4*g**3 + 9*g**2 + g. Let i(a) = a**3 + a**2 + 1. Let p(j) = 3*i(j) - z(j). Let h be (1 + 1)*(-14)/4. Is p(h) a composite number?
False
Let w(j) = 2 - 18*j**2 + 4*j - 26*j**2 - 20*j**2 + j**2. Let l(p) = 42*p**2 - 3*p - 1. Let m(g) = 8*l(g) + 5*w(g). Is m(3) composite?
False
Let h(d) = -d**2 + 5*d + 9029. Is h(0) prime?
True
Let q = 156 + 74. Let k = q - 4. Is k a prime number?
False
Let f be 3 + (147 + 1)/4. Let k = f - 132. Is 24/(-108) - k/9 a prime number?
False
Suppose 16*d - 15*d + 2*s = 4827, 2*s = 3*d - 14513. Is d a composite number?
True
Suppose 2*g + 748 = 2*h, -2*h + h + 4*g = -368. Suppose -3*n - 4*o + 343 = 56, 0 = 4*n + 2*o - h. Let y = n - 10. Is y prime?
True
Let r(y) = y**2 - y + 1. Let n(c) = -8*c**2 - 6*c - 2. Let t(i) = n(i) + 3*r(i). Let d(z) = -9*z**2 - 17*z + 3. Let g(p) = -4*d(p) + 7*t(p). Is g(16) prime?
True
Let v = -33 + 51. Suppose -56 + v = -2*k. Is k composite?
False
Let g = 0 + 0. Suppose -4*q + 15 = u - 17, g = 2*q - 3*u - 30. Is 132/q + 1/3 a composite number?
True
Let z(s) = s - 1. Let o(h) = 116*h - 9. Let l(p) = o(p) - 4*z(p). Suppose 5*b = -3*u + 30, -2*b - 14 = -3*u - u. Is l(b) a composite number?
False
Is 5638/10*((-120)/(-8) + -10) composite?
False
Let v = 27382 + 29475. Is v prime?
True
Suppose -528 = -4*t - 4*t. Suppose -t*o - 5388 = -70*o. Is o prime?
False
Suppose -2*y + 2200 = l, -11*l + 2*y + 6624 = -8*l. Is l a composite number?
True
Let j = 20 - 6. Suppose j*a + 759 = 17*a. Is a a prime number?
False
Let o(y) = 12*y**2 + 14*y + 19. Is o(-9) a composite number?
True
Let w = -222 - -244. Is w prime?
False
Let v(h) = 18*h**3 - 2*h**2 + 5 + h - 3 + 7*h**3 + 0. Is v(3) a composite number?
True
Suppose -382240 = 22*o - 6*o. Let b = -16479 - o. Is b a prime number?
True
Suppose 6*l - 2*l = -12. Let x be (2 - l - 3) + 13. Is (3*-1)/(x/(-265)) a composite number?
False
Is 11 + -15 - (-1 + -23264) a prime number?
False
Suppose 5*l - 20 = 0, 203 = 2*v - 2*l - 25. Suppose -p + v = -0. Is p a prime number?
False
Suppose 0 = 4*j - 237 - 239. Suppose j = 6*b - 2263. Is b composite?
False
Suppose 6*y - 16555 = -y. Suppose 5*d = y + 90. Is d a composite number?
False
Let u = 6 - 1. Suppose -u = 4*v - 5*v. Suppose -2*i = -3*n + 529, v*i - 132 - 404 = -3*n. Is n a prime number?
False
Let s be 204/33 + 12/(-66). Suppose p = -2*y + 660, -s*y = -9*y - p + 991. Is y composite?
False
Let d(z) = z**2 - z + 39. Suppose -10 = -2*y - 2*w, -10 = -3*w + w. Let v be d(y). Is 6351/v + 4/26 prime?
True
Suppose -22*b + 7*b = -555. Is b prime?
True
Suppose 4*h = -11 + 27. Suppose 2*f = h*f - 1542. Is f prime?
False
Let i = 8978 + -4900. Let l = 5765 - i. Is l a composite number?
True
Suppose 111898 - 31568 = 10*p. Is p prime?
False
Suppose -87*t + 83*t + 7196 = 0. Is t composite?
True
Let h(y) = 3*y**2 - 5*y + 6. Let p be h(1). Let q(s) = s. Let j be q(2). Suppose j*g - 898 = -p*d, 243 + 188 = 2*d - 5*g. Is d composite?
False
Let n = 39 + -75. Let y = n + 125. Is y a prime number?
True
Suppose 5*k - 5*p - 1575 = 0, -4*k + 6*p + 1255 = 3*p. Suppose -4*r + 1486 + k = 0. Is r a composite number?
False
Let a be (0 - -4 - 0) + 11. Suppose 4*t = 5*l + 13, -5*t + 10*l - 5*l = -a. Suppose 26 = 4*d - 5*y - 81, -6 = t*y. Is d composite?
False
Let r(h) = 63*h**2 + 5*h**2 - 5*h - 1 + 18*h**2 + 3*h + 4*h. Let s = 1 - 0. Is r(s) a composite number?
True
Let l be -25 + -4*4/8. Let r = l + 2. Is ((-2)/(-4))/(r/(-3350)) composite?
False
Let l = -16 - -20. Suppose 6 = l*f - 14. Suppose 0 = -5*k - f*u + 4830, -7*k - u + 4834 = -2*k. Is k prime?
True
Is (9 - -36)/9 + 21738 composite?
True
Suppose -41*m + 700994 + 35243 = 0. Is m prime?
True
Suppose 2*g - 355 = -2*u - g, 4*u = -g + 705. Suppose 5*o = 3*b - u, 0 = -b + 4*b + 5*o - 196. Is b a composite number?
True
Let t(o) = -o**2 + 7*o + 2. Let n be t(8). Let x be 3/(-2) - 1713/n. Suppose -x - 9 = -a. Is a composite?
False
Suppose 10*x - 12*x = 2266. Let p = -762 - x. Is p prime?
False
Suppose 34*d - 57703 = 15*d. Is d composite?
False
Let m(h) = 3*h**2 + 2*h + 1267. Is m(0) composite?
True
Suppose -q = -98319 + 30220. Is q a prime number?
True
Let w(p) = 13833*p - 205. Is w(4) composite?
False
Let y = 16434 - 9839. Is y prime?
False
Is -2*52/32*-1324 prime?
False
Let a = -53 - -56. Suppose 0 = -a*v - f - 4*f + 12792, -2*v + 8515 = -f. Is v composite?
False
Let p(o) = -3*o + 4*o**3 + o**2 - 5*o**3 + 0*o**3 + 3*o**2 + 2. Let f be p(3). Suppose 0 = d - 3*i - 65, -5*d + i = -f*i - 277. Is d prime?
True
Let t(q) = 2*q - 4 + 3*q - 7*q + 2. Let f be t(3). Is (27 - f) + -1 + 1 a composite number?
True
Let a = -2058 + 3356. Suppose c - 5214 = -5*w, -w - 254 = -c - a. Is w a composite number?
True
Let q(t) = 74*t + 17. Let g be ((-27)/(-6))/((-1)/(-2)). Is q(g) composite?
False
Suppose 5*h + 5*s = 49695, -39720 = -4*h + 6*s - s. Is h prime?
False
Suppose -4428 = -3*h - 2*h + 2*x, 3*x = h - 896. Let s = h - -203. Is s a prime number?
True
Suppose 0 = -2*i - 415 + 1219. Suppose 0 = -4*q + 2*q - 3*z + 843, -5*z = -q + i. Is q a prime number?
False
Suppose 0*j + 5*j = 5*k - 305, 0 = 5*k - 5. Let t = j + 263. Is t prime?
False
Suppose 2*z - 12768 = -5*u - 2874, -24697 = -5*z - 3*u. Is z composite?
False
Let h(v) = -32*v**3 + 6*v**2 + 12*v - 9. Let x be h(-5). Suppose 15*f - 8*f - x = 0. Is f composite?
True
Let a(d) = -2*d - 20. Let s(q) = q**2 + q + 19. Let h(u) = 4*a(u) + 5*s(u). Let o be h(7). Suppose 2*r - o = 303. Is r a prime number?
True
Suppose -52*z + 54*z - 10 = 0. Suppose -3*o = -3*h - 0*h - 1002, -z*o = 5*h - 1640. Is o composite?
False
Suppose 5*v - 745 = 2*j, -3*v + 39*j - 36*j = -447. Is v a prime number?
True
Let q = -37979 + 53232. Is q composite?
True
Suppose -37*i + 41*i = 31076. Is i a composite number?
True
Suppose -3*b = 7*b - 40. Is (203/2)/(2/b) composite?
True
Suppose 7*t - 50754 = 48163. Is t a composite number?
True
Suppose 16*h - 49708 - 46564 = 0. Is h composite?
True
Let g(d) = 3*d - 8*d - 3 - d**3 - 1 + 5*d**2. Is g(-6) prime?
False
Let m be (-9)/36 - (0 + (-9379)/(-4)). Let w = 3322 + m. Is w prime?
True
Let u = 18 - 16. Suppose -u*k = -10*k + 35944. Is k a prime number?
True
Suppose i = -c + 13126 - 2155, 5*i = 4*c - 43902. Is c prime?
True
Is 23458*((-28)/(-24) - 8/12) a prime number?
False
Let a = 28969 - 14226. Is a a prime number?
False
Suppose 5*d - 46567 = 4*v, 5*d + 18625 = 7*d - v. Is d prime?
True
Let f(s) = -19*s**3 - 9*s**2 - 14*s - 17. Is f(-5) a prime number?
True
Suppose 15 = d - 4*y - 6, -d = -2*y - 15. Let t(p) = 6*p**3 - p**2 + 3*p + 7. Is t(d) composite?
False
Suppose -3*v = -2*n - 2, v = -0*v + 4*n - 16. Suppose -1036 = -v*c - 0*c. Suppose a = -5*r + c, 0*a = -2*a - r + 536. Is a a prime number?
True
Let d(i) = i**2 - 9*i + 21. Let n be d(-10). Let y = 302 - n. Is y a prime number?
False
Suppose -4*q = 2*l - 64870, 43*l = 48*l - 5. Is q prime?
True
Let g(w) = -w**2 + 3*w + 12. Let j be g(5). Is 1426/(j + -4 + 4) a composite number?
True
Let y be 3 + 0 - (-24)/12. Suppose 0 = -4*c + 5*v - 4*v + 12, y*c + 6 = -4*v. Suppose -3*o + 1312 = 4*u + o, c*o = -3*u + 987. Is u a composite number?
False
Suppose -1664 = -c + h - 2*h, 5*h = 5. Is c composite?
False
Suppose -25*t = -152359 + 40334. Is t prime?
True
Let c be (2 + -2)*4/(-12). Suppose -4*m + 726 + 638 = c. Suppose 0 = x - 0*x - 